e 12.
35
-2012 (base 3) to base 15
-3e
Convert -17 (base 9) to base 10.
-16
Convert 9 (base 14) to base 5.
14
What is 3 (base 16) in base 9?
3
-1 (base 16) to base 10
-1
What is 3 (base 6) in base 7?
3
-115 (base 6) to base 2
-101111
Convert 24 (base 9) to base 10.
22
What is 1 (base 8) in base 2?
1
Convert 1023 (base 4) to base 7.
135
Convert 27 (base 10) to base 9.
30
What is -2 (base 12) in base 7?
-2
317 (base 10) to base 4
10331
Convert -2 (base 6) to base 8.
-2
23 (base 4) to base 15
b
Convert 24 (base 6) to base 13.
13
Convert -1 (base 2) to base 12.
-1
What is 10 (base 8) in base 2?
1000
What is 0 (base 3) in base 16?
0
-38 (base 9) to base 12
-2b
Convert 22 (base 8) to base 15.
13
Convert 1 (base 5) to base 13.
1
0 (base 10) to base 13
0
Convert -76 (base 15) to base 10.
-111
Convert 41 (base 12) to base 4.
301
What is -10011 (base 2) in base 3?
-201
4 (base 9) to base 11
4
3 (base 9) to base 12
3
Convert -52 (base 13) to base 4.
-1003
What is 2 (base 8) in base 3?
2
7 (base 8) to base 9
7
Convert -12 (base 16) to base 15.
-13
What is -11 (base 7) in base 8?
-10
What is 3 (base 11) in base 3?
10
What is 1 (base 14) in base 9?
1
What is 1 (base 2) in base 11?
1
-11000 (base 3) to base 15
-73
2 (base 7) to base 14
2
What is -1a (base 16) in base 4?
-122
111 (base 3) to base 6
21
What is 32 (base 7) in base 11?
21
What is 49 (base 11) in base 7?
104
What is 544 (base 8) in base 3?
111012
Convert 1 (base 16) to base 15.
1
What is -243 (base 6) in base 10?
-99
What is -1011 (base 3) in base 9?
-34
51 (base 9) to base 15
31
What is -31 (base 8) in base 14?
-1b
Convert 11 (base 9) to base 13.
a
Convert -10 (base 6) to base 9.
-6
Convert -5 (base 15) to base 6.
-5
Convert -21 (base 7) to base 6.
-23
Convert -3 (base 4) to base 2.
-11
What is 13 (base 11) in base 7?
20
6 (base 9) to base 13
6
What is 1 (base 9) in base 15?
1
Convert -113 (base 4) to base 9.
-25
24 (base 8) to base 6
32
What is 35 (base 11) in base 6?
102
What is -3 (base 14) in base 12?
-3
Convert 136 (base 16) to base 2.
100110110
What is -101100 (base 2) in base 3?
-1122
What is 11 (base 3) in base 8?
4
2 (base 8) to base 11
2
-1a (base 15) to base 5
-100
Convert 541 (base 6) to base 13.
12a
What is 3 (base 6) in base 14?
3
-8 (base 16) to base 15
-8
What is 2 (base 8) in base 16?
2
What is 3 (base 7) in base 5?
3
What is 0 (base 10) in base 3?
0
What is 1a (base 12) in base 9?
24
What is -1 (base 8) in base 9?
-1
b (base 16) to base 9
12
-1210 (base 3) to base 10
-48
What is 20212 (base 3) in base 16?
b9
-36 (base 8) to base 5
-110
Convert 0 (base 16) to base 4.
0
-4 (base 8) to base 10
-4
-10 (base 14) to base 5
-24
Convert 100 (base 3) to base 12.
9
Convert -4 (base 9) to base 2.
-100
32 (base 8) to base 12
22
Convert -154 (base 6) to base 15.
-4a
-1 (base 8) to base 4
-1
Convert -1e (base 15) to base 16.
-1d
3 (base 10) to base 14
3
c7 (base 16) to base 14
103
Convert -a4 (base 12) to base 11.
-103
What is -111 (base 3) in base 13?
-10
-49 (base 14) to base 5
-230
What is 15 (base 6) in base 13?
b
Convert -3 (base 15) to base 9.
-3
Convert 97 (base 11) to base 14.
78
Convert -6 (base 8) to base 10.
-6
Convert -150 (base 11) to base 3.
-20112
Convert 522 (base 6) to base 9.
235
Convert 0 (base 4) to base 2.
0
What is 13 (base 8) in base 2?
1011
What is -2 (base 9) in base 15?
-2
-2 (base 8) to base 3
-2
-416 (base 8) to base 15
-130
-2 (base 4) to base 5
-2
-2 (base 4) to base 15
-2
What is 2 (base 4) in base 12?
2
20 (base 4) to base 6
12
0 (base 3) to base 4
0
What is 0 (base 2) in base 4?
0
-11 (base 7) to base 4
-20
What is 4 (base 11) in base 12?
4
What is -5a (base 15) in base 11?
-78
100110 (base 2) to base 6
102
What is 2 (base 9) in base 5?
2
10000 (base 2) to base 15
11
-a (base 15) to base 6
-14
What is -6 (base 7) in base 13?
-6
14 (base 5) to base 3
100
Convert -5 (base 9) to base 5.
-10
Convert 13 (base 4) to base 8.
7
-6 (base 14) to base 10
-6
Convert 0 (base 10) to base 5.
0
-313 (base 8) to base 3
-21112
-12 (base 5) to base 10
-7
Convert b (base 15) to base 14.
b
What is -1 (base 5) in base 9?
-1
What is 1000 (base 2) in base 12?
8
Convert 1000 (base 4) to base 16.
40
Convert 39 (base 14) to base 10.
51
32 (base 5) to base 8
21
Convert 3 (base 4) to base 7.
3
-31 (base 9) to base 13
-22
-1000 (base 5) to base 3
-11122
What is 121 (base 7) in base 5?
224
What is -2 (base 15) in base 2?
-10
What is 112 (base 4) in base 7?
31
Convert -11 (base 10) to base 3.
-102
1a (base 13) to base 15
18
Convert 4 (base 5) to base 3.
11
-26 (base 9) to base 5
-44
What is 1 (base 10) in base 16?
1
Convert 0 (base 11) to base 3.
0
-46 (base 7) to base 5
-114
What is 1d (base 14) in base 11?
25
Convert 2 (base 8) to base 15.
2
What is 5 (base 12) in base 5?
10
Convert -22 (base 3) to base 7.
-11
4 (base 7) to base 16
4
-61 (base 16) to base 12
-81
-1 (base 13) to base 6
-1
Convert -16 (base 8) to base 10.
-14
-11 (base 3) to base 11
-4
Convert -3 (base 15) to base 13.
-3
17f (base 16) to base 10
383
Convert -3 (base 9) to base 15.
-3
-20 (base 4) to base 16
-8
Convert -2 (base 15) to base 5.
-2
What is -2 (base 9) in base 8?
-2
1 (base 14) to base 15
1
Convert 8 (base 11) to base 6.
12
What is 1111 (base 2) in base 13?
12
-58 (base 9) to base 8
-65
Convert 71 (base 9) to base 14.
48
What is -46 (base 11) in base 10?
-50
7 (base 13) to base 7
10
Convert 2 (base 14) to base 3.
2
What is b (base 13) in base 14?
b
-13 (base 16) to base 7
-25
-31 (base 7) to base 12
-1a
121 (base 11) to base 16
90
Convert 10 (base 6) to base 13.
6
What is 11 (base 3) in base 8?
4
3 (base 6) to base 10
3
What is 1 (base 8) in base 13?
1
1143 (base 5) to base 13
104
0 (base 6) to base 12
0
-1 (base 15) to base 14
-1
What is 121 (base 8) in base 9?
100
Convert -100 (base 2) to base 5.
-4
Convert -14 (base 5) to base 12.
-9
Convert -1004 (base 6) to base 4.
-3130
What is -240 (base 10) in base 4?
-3300
-107 (base 8) to base 14
-51
What is 10111001 (base 2) in base 7?
353
14 (base 5) to base 9
10
Convert 10 (base 9) to base 16.
9
What is b6 (base 14) in base 15?
aa
Convert -1 (base 8) to base 10.
-1
Convert 244 (base 12) to base 3.
110121
What is -101 (base 3) in base 16?
-a
Convert 11 (base 3) to base 6.
4
What is -14 (base 9) in base 13?
-10
-1 (base 9) to base 8
-1
Convert 1 (base 14) to base 15.
1
-62 (base 12) to base 9
-82
What is 1001000 (base 2) in base 13?
57
Convert -1101111 (base 2) to base 4.
-1233
3 (base 9) to base 15
3
What is 18 (base 12) in base 6?
32
7 (base 12) to base 5
12
Convert 93 (base 11) to base 14.
74
Convert 11 (base 4) to base 11.
5
Convert 9b (base 13) to base 4.
2000
2 (base 4) to base 9
2
Convert -15 (base 8) to base 13.
-10
-12 (base 3) to base 6
-5
Convert 3 (base 9) to base 10.
3
Convert -221 (base 4) to base 10.
-41
What is -be (base 15) in base 11?
-153
Convert -123 (base 5) to base 6.
-102
0 (base 2) to base 12
0
Convert -172 (base 11) to base 4.
-3020
Convert -15 (base 13) to base 2.
-10010
-2 (base 10) to base 2
-10
Convert -34 (base 11) to base 4.
-211
Convert -74 (base 11) to base 13.
-63
-36 (base 7) to base 3
-1000
What is 20 (base 9) in base 5?
33
0 (base 9) to base 5
0
-d (base 15) to base 8
-15
What is 2 (base 4) in base 7?
2
Convert -30 (base 11) to base 7.
-45
What is -8 (base 14) in base 3?
-22
Convert 26 (base 10) to base 16.
1a
What is 3 (base 15) in base 3?
10
What is 1214 (base 5) in base 16?
b8
Convert 0 (base 9) to base 11.
0
Convert 0 (base 13) to base 10.
0
2000 (base 3) to base 16
36
Convert -4 (base 9) to base 14.
-4
Convert 9e (base 15) to base 14.
a9
-21 (base 3) to base 11
-7
Convert d (base 15) to base 16.
d
What is 10 (base 3) in base 7?
3
Convert 32 (base 8) to base 3.
222
-22 (base 15) to base 7
-44
Convert -30 (base 6) to base 10.
-18
Convert 114 (base 5) to base 2.
100010
39 (base 16) to base 13
45
What is -9 (base 10) in base 8?
-11
Convert -122 (base 12) to base 9.
-208
10000010 (base 2) to base 4
2002
230 (base 5) to base 7
122
Convert 7d (base 14) to base 2.
1101111
What is 2b (base 14) in base 3?
1110
-72 (base 12) to base 9
-105
433 (base 7) to base 11
190
-6 (base 13) to base 5
-11
-20 (base 5) to base 4
-22
Convert -3 (base 13) to base 9.
-3
-23 (base 6) to base 11
-14
3 (base 12) to base 8
3
What is -30 (base 6) in bas